g(o) = -3*o**2 + o + 11. Let f(q) = 8*g(q) + 5*n(q). Let v be f(4). Calculate the greatest common divisor of v and 22.
11
Suppose 0 = -6*h + 146 - 14. Calculate the greatest common divisor of 22 and h.
22
Let n be 1 + (128 - 2) + (-8 - -11). What is the greatest common factor of 10 and n?
10
Let h(q) = -q + 29. Let j be h(7). Let v(l) = 2*l**3 + 2*l**2 - l. Let x be v(1). Let r = 5 - x. What is the highest common divisor of j and r?
2
Let v = 3 - 0. Suppose 8*f = v*f + 55. Calculate the greatest common divisor of 11 and f.
11
Let y be 11*(8/4 - 1). Calculate the highest common divisor of 11 and y.
11
Suppose -5*j + 159 = -l, 4*l + 30 - 2 = j. Calculate the highest common divisor of 16 and j.
16
Suppose 0 = 5*w - 3*w - 120. Suppose n + w = 6*n. Calculate the highest common factor of n and 4.
4
Let v be (-6)/24 + 1057/4. Suppose -3*y + 6*y - v = 0. What is the highest common divisor of 11 and y?
11
Let n be 0 + 10/3*(-495)/(-10). What is the greatest common factor of 66 and n?
33
Let b be (1 - 12/8)*8. Let o = 14 + b. Calculate the greatest common factor of o and 10.
10
Let d be 4/14 + (-19)/(-7). Suppose 3 - 12 = -d*j. Suppose -25 + 61 = j*z. Calculate the greatest common factor of 3 and z.
3
Let m be (-36)/(-9) + 2 + -2. Calculate the highest common factor of 8 and m.
4
Suppose h = 4*h. Suppose 49 = 2*r - 5*d, 4*r - 3*r - 3*d - 25 = h. What is the greatest common divisor of 2 and r?
2
Let w = 172 - 136. Let z be (16/(-6))/((-2)/18). Calculate the highest common factor of w and z.
12
Let s(h) = 3*h**3 + 3*h**2 - h + 1. Let c be s(3). Suppose 3*v - 2*j - 100 = -6*j, -j = 3*v - c. Calculate the highest common factor of v and 12.
12
Suppose -144 = 26*a - 30*a. What is the greatest common factor of 144 and a?
36
Suppose -3*m = 18 - 51. Let k = -3 - -7. Suppose k*t + 3*a - 19 = 0, 0 = -t - t + 4*a - 18. Calculate the greatest common factor of t and m.
1
Suppose 0 = 5*f + 3*l - 9 - 10, 4*l = 2*f - 18. Suppose 22 + 28 = f*h. What is the highest common factor of 80 and h?
10
Let g = 3 + 0. Let a(r) = -r**2 - 6*r + 4. Let l be a(-6). Suppose -g*w + 180 = 3*h, -l*h = -4*w - h + 261. Calculate the greatest common factor of 9 and w.
9
Let a(y) = 50*y - 2. Let v be a(2). Let c be (-3)/((6/56)/((-11)/22)). Calculate the highest common factor of v and c.
14
Let b(y) = 4*y**3 - 3*y**2 - 5*y + 2. Let o be b(3). Suppose 0*u + o = 4*u. Calculate the highest common divisor of 119 and u.
17
Suppose 7*w + 61 = 306. Suppose 0 = 2*x - 0*x - 28. Calculate the highest common divisor of x and w.
7
Let b be (-3)/(-6)*(-22)/(-1). Let g be (-1 + 12)/((-2)/(-14)). Calculate the highest common factor of b and g.
11
Let k(d) be the first derivative of d**3/3 + d**2 + 4*d + 3. Let u be k(-6). Calculate the highest common divisor of 4 and u.
4
Let p = 39 + -12. What is the highest common divisor of p and 3?
3
Let u(v) = -3*v. Let w be u(-2). Suppose -3*m + 18 = 2*f + f, -2*f + m = 0. Calculate the greatest common factor of f and w.
2
Suppose y - 20 = 20. Calculate the highest common factor of y and 100.
20
Let n be 3/5*5*25. Calculate the greatest common divisor of 125 and n.
25
Suppose 68 = 3*o + o. What is the highest common factor of 17 and o?
17
Let p be (-3 + 3*-2)*(-6)/(-9). Let q(b) be the first derivative of -b**3/3 - 4*b**2 - 4*b + 1. Let t be q(p). Calculate the highest common factor of t and 56.
8
Suppose 6*h = 4*h + 12. Let r be ((-2)/1)/(4 + -5 + -1). Calculate the greatest common factor of r and h.
1
Let a(m) = m + 20. Let g be a(-10). Let c be (75/(-4))/3*-8. What is the highest common divisor of g and c?
10
Suppose 4*l - 3*l = 1. Let i(g) = g**3 + 3*g**2 - 7*g - 10. Let o be i(-4). What is the highest common divisor of o and l?
1
Suppose 4*i = 1 + 35. Let g(p) = 5*p. Let x be g(i). Calculate the greatest common divisor of x and 9.
9
Let d be 2 + -5 - -2 - 0. Let g = 3 - d. Suppose -o + g*o - 84 = 0. What is the highest common factor of o and 4?
4
Suppose 0 = -5*x - 10 + 75. Suppose -4*i + 117 = -i. What is the greatest common divisor of x and i?
13
Let h(m) = 3*m**2 + 2*m. Let d(u) = -u. Let r(v) = 3*d(v) + h(v). Let q be r(-2). What is the greatest common divisor of 14 and q?
14
Suppose -2*x - x = -72. What is the greatest common factor of 3 and x?
3
Suppose 5*d = -34 + 9, -2*x - 3*d = 7. Calculate the highest common factor of x and 12.
4
Let z be (-12)/21 + (-4720)/(-28). Calculate the highest common divisor of z and 21.
21
Let s = -3 + 4. Let y = 3 + s. Suppose -k - y = -25. Calculate the highest common factor of 7 and k.
7
Suppose -5*y = n + 4, 84 = -3*n + 7*n - 5*y. Calculate the greatest common divisor of 8 and n.
8
Let j be 9/12 - 122/(-8). Let d = -84 - -124. Calculate the greatest common factor of j and d.
8
Let k be 10/15 + (-417)/(-9). Suppose 3*w = -a + k, 4*a = -2*w + w + 23. What is the greatest common divisor of w and 3?
3
Suppose -3*d - 4*q + 120 = 2*d, 3*q = 0. Calculate the greatest common divisor of d and 24.
24
Suppose -95 = -5*y - i + 44, 5*i - 101 = -3*y. Calculate the highest common divisor of y and 108.
27
Let c be -3*6/(-27)*3. Suppose 12 = -2*t - c*t. Let x be (-1 - 2)/(t/2). What is the greatest common divisor of x and 16?
2
Let z(r) = 3*r**3 - 2*r**2 + 2*r. Let h be z(2). Let j = -6 - 8. Let y = j + 24. What is the highest common divisor of h and y?
10
Let z(w) be the third derivative of -w**4/12 + w**3/6 - 8*w**2. Let j be z(-1). What is the highest common factor of j and 15?
3
Suppose 15 = 5*d + r, -4*d = d - r - 5. Suppose 0 = 5*a - 3*h - 45, -d*h + 13 + 1 = 4*a. What is the greatest common divisor of a and 6?
6
Let j(p) = -13*p + 1. Let o be j(-5). Suppose -n = 5*h - 29, -2*h - 26 = -6*h + 2*n. What is the highest common factor of o and h?
6
Suppose h - 7 - 1 = 0. Let i be ((-252)/35)/(6/(-40)). What is the greatest common factor of i and h?
8
Suppose -19 = -d + 1. Suppose 0 = -2*f + f - 2*w + 80, 4*w = -d. What is the greatest common divisor of f and 10?
10
Let m = 10 - 45. Let y = 76 + m. Suppose 7 = 4*f - y. What is the highest common factor of f and 12?
12
Suppose 6*m = 3 + 21. Let g(d) = -d - 1. Let j be g(-3). Suppose 2*c + j*l = 26, -3*l = -c - 2 + 3. What is the greatest common divisor of c and m?
2
Let s be 8 + -7 + 4/(-2 - -4). Calculate the greatest common divisor of s and 3.
3
Let p(r) be the second derivative of -2*r**3/3 + 3*r**2 - 2*r. Let i be p(-5). Calculate the greatest common factor of i and 39.
13
Let f be (35/4 + 1)/((-72)/(-2304)). Calculate the greatest common divisor of f and 24.
24
Let w = 11 - 8. Let t be w/((4/(-16))/(-1)). What is the highest common divisor of t and 48?
12
Suppose -4 = 6*i - 16. Let m = -2 + 8. Let q be (-4)/6 + 112/m. Calculate the greatest common factor of i and q.
2
Let l = 7 + 20. Calculate the greatest common factor of l and 18.
9
Let g be ((-4)/6)/(17/(-51)). Let v(w) = 9*w**2 - 1. Let q be v(g). What is the highest common divisor of 175 and q?
35
Let i = 23 + -18. Calculate the highest common factor of i and 2.
1
Suppose 6*v - q = 3*v + 146, -v + 58 = -5*q. What is the highest common factor of v and 12?
12
Let o be (6 - -2)/((-3)/(-6)). Suppose 2*r - o = 34. Let x = -13 + r. Calculate the greatest common factor of x and 48.
12
Suppose 0 = 3*c - 2*y - 22, 0 = -5*c - 2*y - 0*y + 26. What is the highest common divisor of 2 and c?
2
Let t(h) = h**2 - 5 - 2 + 2 + 4*h. Let z be t(-7). Calculate the greatest common divisor of 80 and z.
16
Let k be ((-6)/(-4))/((-3)/(-10)). Suppose 0 = -k*u + 2*u + 9. What is the highest common divisor of 3 and u?
3
Let h = 5 - 1. Suppose -3*n = -2*n - b - 4, -h*n + 16 = b. What is the greatest common factor of n and 20?
4
Let o(j) = j**2 - 4*j - 5. Let q be o(4). Suppose 3*b + b = 0. Let f = b - q. Calculate the greatest common divisor of f and 10.
5
Let l(k) = k**3 - 2*k**2 + 2. Let x be l(0). What is the greatest common divisor of 38 and x?
2
Let f(g) = -33*g**3 - g**2 - 4*g - 4. Let p be f(-2). Calculate the greatest common divisor of p and 33.
33
Let p(n) = n**3 + 7*n**2 + 6*n. Let k be p(-6). Suppose k = -2*f + 75 - 11. Let u(w) = -w + 4. Let t be u(0). What is the greatest common divisor of t and f?
4
Let a(m) = -9*m + 7. Suppose 0*o - o = 7. Let n be a(o). What is the highest common divisor of 28 and n?
14
Let k be (3 - -117) + (-4)/4. Let p